
True
Is 38478 a multiple of 3?
True
Is 50 a factor of 221750?
True
Is 70 a factor of 148102?
False
Is 2964060 a multiple of 396?
True
Is 810 a multiple of 54?
True
Is 146115 a multiple of 5?
True
Does 8 divide 31808?
True
Is 57 a factor of 282220?
False
Does 73 divide 486581?
False
Does 516 divide 507096?
False
Does 329 divide 680701?
True
Is 6742755 a multiple of 253?
False
Does 19 divide 115672?
True
Is 2027308 a multiple of 39?
False
Does 10 divide 15603658?
False
Is 949644 a multiple of 9?
True
Is 194808 a multiple of 40?
False
Is 75607 a multiple of 62?
False
Is 10 a factor of 1758745?
False
Is 8654130 a multiple of 13?
False
Is 11 a factor of 35369587?
True
Is 9831690 a multiple of 495?
True
Is 64 a factor of 75136?
True
Is 8 a factor of 591732?
False
Is 358 a factor of 260982?
True
Is 21980892 a multiple of 124?
False
Is 7 a factor of 2904433?
True
Is 46 a factor of 1942252?
False
Is 8808001 a multiple of 361?
False
Is 425995 a multiple of 19?
False
Is 21 a factor of 133959?
True
Is 589466 a multiple of 18?
False
Is 1149017 a multiple of 173?
False
Is 122099 a multiple of 2?
False
Is 18699339 a multiple of 64?
False
Is 154 a factor of 210988?
False
Does 16 divide 7735104?
True
Does 238 divide 1433104?
False
Is 55382 a multiple of 4?
False
Does 150 divide 1572110?
False
Is 43 a factor of 1294493?
False
Is 12 a factor of 248712?
True
Is 772 a factor of 643076?
True
Is 3 a factor of 511176?
True
Is 39 a factor of 5870904?
True
Is 6133320 a multiple of 81?
True
Is 1705369 a multiple of 621?
False
Is 37 a factor of 11283409?
True
Does 434 divide 5408320?
False
Does 60 divide 854040?
True
Is 6 a factor of 77056?
False
Does 4 divide 456013?
False
Is 384 a factor of 3114624?
True
Is 3120823 a multiple of 45?
False
Is 26 a factor of 59815?
False
Does 17 divide 52067?
False
Is 296 a factor of 239394?
False
Is 142 a factor of 2312896?
True
Is 5066556 a multiple of 586?
True
Is 130 a factor of 79950?
True
Is 55 a factor of 6260100?
True
Is 356 a factor of 921328?
True
Is 634716 a multiple of 81?
True
Does 100 divide 175600?
True
Does 73 divide 4769382?
True
Is 24570 a multiple of 6?
True
Is 39970 a multiple of 14?
True
Is 3233 a multiple of 17?
False
Is 62 a factor of 47642?
False
Is 16 a factor of 10736640?
True
Does 39 divide 84630?
True
Does 90 divide 4110210?
True
Does 691 divide 2054343?
True
Is 8 a factor of 79917?
False
Is 11063274 a multiple of 521?
False
Is 1079355 a multiple of 213?
False
Is 31 a factor of 4236026?
True
Is 666796 a multiple of 136?
False
Does 53 divide 558302?
True
Is 73216 a multiple of 4?
True
Is 1228938 a multiple of 18?
False
Does 104 divide 4340714?
False
Does 631 divide 53635?
True
Is 5827608 a multiple of 87?
True
Does 569 divide 363562?
False
Is 4 a factor of 20972?
True
Does 700 divide 707000?
True
Is 701442 a multiple of 20?
False
Is 673 a factor of 1043392?
False
Is 20 a factor of 726400?
True
Is 13897952 a multiple of 65?
False
Does 534 divide 30972?
True
Does 13 divide 54496?
True
Is 1082934 a multiple of 141?
False
Is 58023 a multiple of 2?
False
Is 153 a factor of 685929?
False
Is 181877 a multiple of 53?
False
Does 64 divide 2923255?
False
Is 68541 a multiple of 7?
False
Is 11 a factor of 16199?
False
Is 154 a factor of 512117?
False
Is 3438942 a multiple of 6?
True
Does 340 divide 534480?
True
Does 489 divide 5829599?
False
Is 8 a factor of 111487?
False
Is 623415 a multiple of 5?
True
Does 82 divide 6634002?
False
Is 743386 a multiple of 132?
False
Does 126 divide 1582699?
False
Is 223 a factor of 9405917?
True
Does 13 divide 66493?
False
Does 34 divide 66585?
False
Does 12 divide 4820640?
True
Is 11 a factor of 538725?
True
Does 850 divide 1085450?
True
Is 4991816 a multiple of 184?
False
Does 151 divide 755775?
False
Is 2252848 a multiple of 39?
False
Does 252 divide 152964?
True
Does 139 divide 995786?
False
Does 489 divide 594001?
False
Is 149655 a multiple of 55?
True
Does 2 divide 35230?
True
Does 27 divide 23512591?
False
Is 24 a factor of 118440?
True
Does 47 divide 18142?
True
Is 2206440 a multiple of 227?
True
Does 104 divide 499670?
False
Does 21 divide 343893?
False
Is 33 a factor of 603389?
False
Is 4064833 a multiple of 13?
False
Is 22 a factor of 870665?
False
Is 83559 a multiple of 7?
True
Is 334 a factor of 57853?
False
Is 39950 a multiple of 50?
True
Is 69 a factor of 140415?
True
Is 176 a factor of 9078608?
True
Is 468 a factor of 197496?
True
Is 6325947 a multiple of 107?
True
Is 24 a factor of 1782795?
False
Is 243597 a multiple of 39?
False
Is 6811085 a multiple of 10?
False
Does 3 divide 662769?
True
Is 97 a factor of 158320?
False
Is 30 a factor of 1232310?
True
Is 16 a factor of 472727?
False
Does 213 divide 4260213?
True
Is 6955624 a multiple of 8?
True
Is 1160620 a multiple of 27?
False
Is 20 a factor of 206420?
True
Is 10713530 a multiple of 869?
False
Is 451275 a multiple of 55?
True
Is 34760 a multiple of 158?
True
Is 31 a factor of 89533?
False
Is 267377 a multiple of 11?
True
Is 28604 a multiple of 79?
False
Does 12 divide 8650644?
True
Is 36 a factor of 57988?
False
Does 3 divide 32969?
False
Is 191 a factor of 215208?
False
Is 262 a factor of 1022586?
True
Is 20 a factor of 7755?
False
Is 131042 a multiple of 70?
False
Is 743 a factor of 3187515?
False
Is 320945 a multiple of 59?
False
Is 1418310 a multiple of 309?
True
Is 233 a factor of 10395503?
False
Is 34 a factor of 188972?
True
Is 2808821 a multiple of 31?
False
Is 446256 a multiple of 108?
True
Does 14 divide 465361?
False
Does 33 divide 140151?
True
Is 2389029 a multiple of 123?
True
Does 134 divide 5712554?
True
Does 23 divide 96297?
False
Is 182 a factor of 565474?
True
Is 884510 a multiple of 731?
True
Is 12 a factor of 400788?
True
Does 46 divide 2784360?
False
Is 155271 a multiple of 17?
False
Is 3764001 a multiple of 61?
False
Is 5 a factor of 60580?
True
Is 568 a factor of 406807?
False
Is 58 a factor of 573852?
True
Is 35245 a multiple of 95?
True
Is 200 a factor of 3613641?
False
Is 3541415 a multiple of 14?
False
Is 41 a factor of 1483596?
False
Does 64 divide 862400?
True
Does 52 divide 39283?
False
Is 484036 a multiple of 236?
True
Is 27 a factor of 327159?
True
Is 1872955 a multiple of 38?
False
Does 10 divide 453997?
False
Does 78 divide 16343?
False
Is 389620 a multiple of 22?
True
Is 8702783 a multiple of 547?
False
Is 81472 a multiple of 76?
True
Is 33367 a multiple of 86?
False
Does 27 divide 8685236?
False
Is 3 a factor of 4110474?
True
Is 7 a factor of 36064?
True
Is 67 a factor of 49602?
False
Is 92400 a multiple of 30?
True
Does 291 divide 889727?
False
Does 79 divide 72996?
True
Does 34 divide 3080363?
False
Is 10362 a multiple of 4?
False
Is 117520 a multiple of 10?
True
Is 68 a factor of 202239?
False
Is 655948 a multiple of 326?
False
Does 74 divide 324424?
False
Is 132975 a multiple of 15?
True
Is 857960 a multiple of 178?
True
Is 15 a factor of 4654816?
False
Is 499 a factor of 622807?
False
Is 45 a factor of 27720?
True
Is 651305 a multiple of 101?
False
Is 855730 a multiple of 10?
True
Is 109323 a multiple of 22?
False
Is 7 a factor of 1195496?
False
Does 6 divide 58860?
True
Is 13 a factor of 5096?
True
Is 73 a factor of 377395?
False
Is 12200594 a multiple of 17?
True
Does 20 divide 291600?
True
Is 40 a factor of 296960?
True
Is 241 a factor of 13666086?
False
Is 2822508 a multiple of 156?
True
Is 756012 a multiple of 12?
True
Does 244 divide 672958?
False
Is 201820 a multiple of 284?
False
Is 23849604 a multiple of 18?
True
Is 9069840 a multiple of 1140?
True
Does 302 divide 1196776?
False
Is 2847559 a multiple of 13?
True
Is 440385 a multiple of 51?
True
Is 49650 a multiple of 25?
True
Does 72 divide 11769557?
False
Is 9224 a multiple of 40?
False
Does 24 divide 9172951?
False
Does 12 divide 2211?
False
Is 97024 a multiple of 8?
True
Does 28 divide 116370?
False
Is 25 a factor of 374325?
True
Is 123 a factor of 124973?
False
Is 7 a factor of 1883?
True
Is 43 a factor of 292854?
False
Is 1072 a multiple of 269?
False
Is 1458906 a multiple of 34?
True
Does 1196 divide 849950?
False
Is 164 a factor of 2922753?
False
Is 626413 a multiple of 10?
False
Is 2894621 a multiple of 27?
False
Is 703 a factor of 1395709?
False
Is 22 a factor of 52989?
False
Does 269 divide 1400085?
Fal